uppose 3*n + n = 0. Suppose -4*t + 7*t + 27 = h, n = -5*h + t + 135. List the prime factors of h.
3
Let o be 1114/9 - 6/(-27). Suppose 6*c - o = 2*c. Suppose 2*w + d = 7*w - c, -w - 1 = -2*d. What are the prime factors of w?
7
Suppose -4*i + 453 = -3*n, 0 = -i - i + 5*n + 209. What are the prime factors of i?
3, 13
Let o(g) = -g**3 - 4*g**2 - 2*g - 5. Let n be o(-4). Let v(t) = t**3 + 8*t**2 + 6*t - 8. Let a be v(-7). What are the prime factors of (-1 - n)/(a/5)?
2, 5
Suppose c - 45 = 6*c. Let s = -3 - c. List the prime factors of s.
2, 3
Let h = 171 - 123. List the prime factors of h.
2, 3
Suppose -4*n = -5*c - 349, -3*n + 5*c - 197 = -5*n. What are the prime factors of n?
7, 13
Suppose k = -3*c - 11, 4*k = -5*c - 0*k - 16. What are the prime factors of (-3)/((c/(-3))/(-4))?
3
Let d be 1 - (0 + -2 - 0). Let a = -9 + d. Let r(u) = u**2 + 5*u + 5. List the prime factors of r(a).
11
Let i be 1*(-3)/(9/(-6)). Suppose 4*w = -2*a + i, 2*a - 35 = -a + 2*w. List the prime factors of a.
3
Let q be -2*(14/(-4) + 2). Suppose q*p = -p + 80. Suppose -4*u = -5*w - 24, 5*w - p = -0. What are the prime factors of u?
11
Let m(p) be the first derivative of -p**2 + 5*p - 2. List the prime factors of m(-6).
17
Let c = -168 + 225. List the prime factors of c.
3, 19
Let g(h) = -2*h - 22. Let u be g(-8). Let m(r) = 4*r - 2*r - 4*r - 3. List the prime factors of m(u).
3
Let c(r) = r + 7. Let a be c(-5). Suppose a*p + 4 = -0. What are the prime factors of p/(-5) - (-249)/15?
17
Let m = 357 - 232. Suppose 4*f + f = m. List the prime factors of f.
5
Let f be -3*(6/9)/2. Let i = 0 - f. What are the prime factors of 2 - 1 - -3*i?
2
List the prime factors of 0/((-4)/4) + 9.
3
Suppose j - 3*j + 4*y = -74, 2*j = -4*y + 50. What are the prime factors of j?
31
Suppose -5*i - 14 = 6, 4*m + 2*i - 52 = 0. Let y = -24 + m. Let k = 12 + y. List the prime factors of k.
3
Suppose -88 = -5*w + 42. What are the prime factors of w?
2, 13
List the prime factors of 2 - 2 - (-3 + 1).
2
Suppose 0 = 2*p + 3*a + 3, -3*a + 3 - 27 = -5*p. List the prime factors of p.
3
Suppose -2*l + 4*l = -4*d + 100, -99 = -2*l - 5*d. What are the prime factors of l?
2, 13
List the prime factors of (-3)/(-2) + 534/4.
3, 5
Let r(w) = w**3 - 6*w**2 + 6*w. Let n be r(5). Suppose 5*x - 84 = n*y + x, 4*y - 4*x + 68 = 0. Let s = -7 - y. List the prime factors of s.
3
Suppose -5*h + 90 = -15. Suppose t + h - 57 = 0. Suppose 2*i = -i + t. What are the prime factors of i?
2, 3
Suppose 4 = 2*t + 20. Let f(m) = 5*m + 4. Let v be f(t). Let j = v - -58. What are the prime factors of j?
2, 11
Let x = 28 - 27. Let a(m) = 24*m**3 - 2*m**2 + m. List the prime factors of a(x).
23
Let f be 2/(2/20*-2). Let s = 12 + f. What are the prime factors of s?
2
List the prime factors of (-226)/(-8) + 5/(-20).
2, 7
Let x be (2/4)/(1/(-4)). List the prime factors of 20/(1 + -3)*x.
2, 5
Let y(u) = -16*u - 15. Let m(h) = 3*h + 3. Let q(j) = -11*m(j) - 2*y(j). Let r be q(-2). Let w(t) = -8*t. List the prime factors of w(r).
2
Suppose 6*i - 3*i + 2*h - 72 = 0, h - 101 = -4*i. What are the prime factors of i?
2, 13
Suppose -2*q + 3*u = -24, 3*q + 2*q = 3*u + 78. List the prime factors of ((-4)/6)/(q/(-513)).
19
Suppose -10*w + 111 = -889. List the prime factors of w.
2, 5
Let r(t) = t**3 + 15*t**2 + 20*t + 13. Let q be r(-13). Let y = -48 + q. What are the prime factors of y?
43
Let x = -5 + 10. Suppose -x*f = -w - 65, 0 = f + 3*f + 3*w - 33. What are the prime factors of f/(-9)*(-15)/2?
2, 5
Let v(h) = -h**3 - 4*h**2 - 2*h. Let s be v(-3). List the prime factors of (31/s)/(16/(-48)).
31
Suppose 2*q - 3*q + 63 = 0. What are the prime factors of q?
3, 7
Let o(q) = 8*q**2 - 11*q - 3. List the prime factors of o(5).
2, 71
Suppose 0 = 4*a - 4 - 4. Let c = 2 + a. What are the prime factors of c?
2
Let a = 3 - 4. Let b be a + (2 + -2 - -1). Suppose -3*t + 4 + 29 = b. What are the prime factors of t?
11
Let k(w) = -w + 2. Let u be k(9). Let s = 9 + u. List the prime factors of s.
2
Suppose j - 94 = -0*j. Let l = -54 + j. Suppose 0 = 2*f - 7*f + l. What are the prime factors of f?
2
Let k(q) = -36*q**3 + 2*q**2 + q. List the prime factors of k(-1).
37
Let x(j) = 4*j + 4. Let g be x(3). What are the prime factors of (-4)/(3 - -1) + g?
3, 5
Let y(d) be the first derivative of d**3/3 - 5*d**2 - 15*d - 6. List the prime factors of y(13).
2, 3
Suppose w + 5 - 3 = 0. Let d be w/(-9) - 152/36. List the prime factors of ((-19)/d)/((-1)/(-4)).
19
Let w = 412 + -269. What are the prime factors of w?
11, 13
Let a = 25 - 8. Let f = 5 - 12. Let q = a + f. List the prime factors of q.
2, 5
Let f(b) = b**3 - 4*b**2 + 2*b + 1. Let w be f(3). Let q be (-9)/(-6)*w/(-1). Suppose z = 5*g - q*z - 33, 0 = g + 4*z + 3. What are the prime factors of g?
5
Suppose -2*y = -4*m + 10, 0*m + 13 = 4*m - 5*y. Suppose m*p - 28 = 4*x, -1 = 2*p - 3*x - 28. Suppose -3*a = a - p. What are the prime factors of a?
3
Suppose -3*y = 4*i - 5, 5*i = -6*y + 4*y + 8. Suppose i*c = 2*g + 24, -3*c + 26 + 11 = -2*g. What are the prime factors of c?
13
Let j be (-2)/(-7) - (-260)/70. Suppose j*y = -y - 120. Let z = 42 + y. List the prime factors of z.
2, 3
Suppose 2*l + 5*f + 0 = -2, 0 = -5*l - 4*f - 5. Let r be (-1 - (-12)/(-3))*l. Suppose 0 = -3*m + r + 28. List the prime factors of m.
11
Let b be (52/(-6))/((-2)/3). Suppose -4*p + 37 = b. Suppose -u = u - p. What are the prime factors of u?
3
Suppose 0 = 3*a - 3, 3*a - 27 - 87 = -3*d. List the prime factors of d.
37
Suppose 0 = 2*i - 3*i - 2. Let p(s) = 3*s - 2*s - 3*s. List the prime factors of p(i).
2
Suppose 0 = 4*k + 57 - 161. What are the prime factors of k?
2, 13
Let j(v) = 3*v**2 + 2*v. Let a(c) = -4*c**2 - 2*c - 1. Let f(r) = -4*a(r) - 5*j(r). List the prime factors of f(-3).
19
Let f(a) = -4*a - 2. List the prime factors of f(-8).
2, 3, 5
Suppose 1 - 21 = -2*n. List the prime factors of ((-12)/n)/((-1)/5).
2, 3
Suppose -x = -4*x + 141. List the prime factors of x.
47
Let h(o) be the first derivative of -2*o + o - o - 5*o + 2*o**2 - 1. What are the prime factors of h(5)?
13
Suppose -4*b - 2*u = -2474, 2*u - 25 = -3*u. List the prime factors of b/105 + (-2)/(-15).
2, 3
Let g = -11 - -20. Let x(p) be the second derivative of p**4/12 - 4*p**3/3 + 3*p**2/2 - 16*p. List the prime factors of x(g).
2, 3
Let p(l) be the third derivative of 1/2*l**3 + 0 + 2*l**2 + 1/30*l**5 + 0*l + 5/24*l**4. What are the prime factors of p(-3)?
2, 3
Let b(t) = -2*t. Let k be b(3). Let a be ((-4)/k)/((-10)/(-315)). Suppose a - 2 = z. What are the prime factors of z?
19
Let t = -10 + 34. List the prime factors of t.
2, 3
Let l(n) = 2*n**2 + 6*n - 14. What are the prime factors of l(-7)?
2, 3, 7
List the prime factors of ((-111)/(-9) - 3)*33/2.
2, 7, 11
Let v(k) = -k**2 - 20*k + 45. What are the prime factors of v(-14)?
3, 43
Suppose 131*l + 471 = 134*l. List the prime factors of l.
157
Let s(u) = -2. Let d(a) = 4*a. Let i(c) = -3*c. Let y(x) = -2*d(x) - 3*i(x). Let o(h) = -s(h) + 3*y(h). What are the prime factors of o(2)?
2
Suppose -10*c + 87 = -9*c. Suppose -3*u - 213 = -5*j, -j + 3*j - c = 3*u. List the prime factors of j.
2, 3, 7
Let s(p) = 3*p**3 + p - 2. List the prime factors of s(2).
2, 3
Let o(b) = -b**2 - 6*b - 5. List the prime factors of o(-4).
3
Let c(t) = t + 8. Let z be c(-5). Let x(l) = 9*l + 3. Let n be x(3). Suppose 3*y - z*a - 27 = 0, -2*a - 2 - n = -3*y. List the prime factors of y.
2, 7
Suppose -22*v + 25*v = 399. List the prime factors of v.
7, 19
Let y(w) = w + 10. Let b be y(-5). Let k(i) = -i**2 + 6*i - 7. Let u be k(b). Let o(s) = -2*s**3 - 2*s**2 - 2*s - 3. List the prime factors of o(u).
3
Let j(w) = -2 - 4*w - 3*w - 2*w. Suppose 3 = -4*y - 5. List the prime factors of j(y).
2
Let k(y) = y**2 + 7. What are the prime factors of k(-6)?
43
Let b(r) = -4*r - 3. Let m = -2 + 0. Let k be b(m). Suppose -k*d + 63 = -t, -3*d - 3*t - 2*t = -21. What are the prime factors of d?
2, 3
Let p(g) = g**3 - 7*g**2 + 5*g - 4. Let v be p(7). Suppose 5*w + a - 75 = v, -w + 3*a = -18. Suppose -l + 4*l = w. List the prime factors of l.
7
Suppose 124 = 3*n - 881. List the prime factors of n.
5, 67
Suppose 0 = 4*b + b - 100. Suppose -2*s = -0*s - b. What are the prime factors of s?
2, 5
Let o(i) = 3*i**2 + 4*i**2 - 6*i**2 + 1 + 2*i. Let y be o(-1). Suppose 